{"id":705,"date":"2022-02-20T00:15:15","date_gmt":"2022-02-20T00:15:15","guid":{"rendered":"https:\/\/gpsites.co\/scribe\/?page_id=124"},"modified":"2023-04-26T21:31:38","modified_gmt":"2023-04-26T21:31:38","slug":"contact","status":"publish","type":"page","link":"https:\/\/grupos.alacip.org\/gppps\/contact\/","title":{"rendered":"Contacto"},"content":{"rendered":"\n<p><strong><a href=\"mailto:gipp.alacip@gmail.com\">gipp.alacip@gmail.com<\/a><\/strong><\/p>\n\n\n\n<p><strong>Coordinadoras y coordinadores<\/strong><\/p>\n\n\n\n<div class=\"wp-block-group is-content-justification-center is-layout-constrained wp-block-group-is-layout-constrained\">\n<p>Nat\u00e1lia G. D. S\u00e1tyro<\/p>\n\n\n\n<p><a href=\"mailto:nsatyro@gmail.com\">nsatyro@gmail.com<\/a><\/p>\n\n\n\n<p>Universidade Federal de Minas Gerais<\/p>\n<\/div>\n\n\n\n<div style=\"height:100px\" aria-hidden=\"true\" class=\"wp-block-spacer\"><\/div>\n\n\n\n<div class=\"wp-block-group is-content-justification-center is-layout-constrained wp-block-group-is-layout-constrained\">\n<p>Carmem Midaglia<\/p>\n\n\n\n<p><a href=\"mailto:carmen.midaglia@cienciassociales.edu.uy\">carmen.midaglia@cienciassociales.edu.uy<\/a><\/p>\n\n\n\n<p>Universidad de la Republica<\/p>\n<\/div>\n\n\n\n<div style=\"height:100px\" aria-hidden=\"true\" class=\"wp-block-spacer\"><\/div>\n\n\n\n<div class=\"wp-block-group is-content-justification-center is-layout-constrained wp-block-group-is-layout-constrained\">\n<p>Anal\u00eda Minteguiaga<\/p>\n\n\n\n<p><a href=\"mailto:analiaminte@hotmail.com\">analiaminte@hotmail.com<\/a><\/p>\n\n\n\n<p>Consejo de Investigaciones Cient\u00edficas y T\u00e9cnicas (CONICET)<\/p>\n\n\n\n<p>Instituto de Investigaciones Gino Germani &#8211; Universidad de Buenos Aires<\/p>\n<\/div>\n\n\n\n<hr class=\"wp-block-separator has-alpha-channel-opacity is-style-dots\" \/>\n\n\n\n<p><\/p>\n","protected":false},"excerpt":{"rendered":"<p>gipp.alacip@gmail.com Coordinadoras y coordinadores Nat\u00e1lia G. D. S\u00e1tyro nsatyro@gmail.com Universidade Federal de Minas Gerais Carmem Midaglia carmen.midaglia@cienciassociales.edu.uy Universidad de la Republica Anal\u00eda Minteguiaga analiaminte@hotmail.com Consejo de Investigaciones Cient\u00edficas y T\u00e9cnicas (CONICET) Instituto de Investigaciones Gino Germani &#8211; Universidad de Buenos Aires<\/p>\n","protected":false},"author":1,"featured_media":0,"parent":0,"menu_order":0,"comment_status":"closed","ping_status":"closed","template":"","meta":{"_et_pb_use_builder":"","_et_pb_old_content":"","_et_gb_content_width":"1080","footnotes":""},"class_list":["post-705","page","type-page","status-publish","hentry"],"_links":{"self":[{"href":"https:\/\/grupos.alacip.org\/gppps\/wp-json\/wp\/v2\/pages\/705","targetHints":{"allow":["GET"]}}],"collection":[{"href":"https:\/\/grupos.alacip.org\/gppps\/wp-json\/wp\/v2\/pages"}],"about":[{"href":"https:\/\/grupos.alacip.org\/gppps\/wp-json\/wp\/v2\/types\/page"}],"author":[{"embeddable":true,"href":"https:\/\/grupos.alacip.org\/gppps\/wp-json\/wp\/v2\/users\/1"}],"replies":[{"embeddable":true,"href":"https:\/\/grupos.alacip.org\/gppps\/wp-json\/wp\/v2\/comments?post=705"}],"version-history":[{"count":2,"href":"https:\/\/grupos.alacip.org\/gppps\/wp-json\/wp\/v2\/pages\/705\/revisions"}],"predecessor-version":[{"id":1476,"href":"https:\/\/grupos.alacip.org\/gppps\/wp-json\/wp\/v2\/pages\/705\/revisions\/1476"}],"wp:attachment":[{"href":"https:\/\/grupos.alacip.org\/gppps\/wp-json\/wp\/v2\/media?parent=705"}],"curies":[{"name":"wp","href":"https:\/\/api.w.org\/{rel}","templated":true}]}}

<p><strong><a href="mailto:gipp.alacip@gmail.com">gipp.alacip@gmail.com</a></strong></p>



<p><strong>Coordinadoras y coordinadores</strong></p>



<div class="wp-block-group is-content-justification-center is-layout-constrained wp-block-group-is-layout-constrained">
<p>Natália G. D. Sátyro</p>



<p><a href="mailto:nsatyro@gmail.com">nsatyro@gmail.com</a></p>



<p>Universidade Federal de Minas Gerais</p>
</div>



<div style="height:100px" aria-hidden="true" class="wp-block-spacer"></div>



<div class="wp-block-group is-content-justification-center is-layout-constrained wp-block-group-is-layout-constrained">
<p>Carmem Midaglia</p>



<p><a href="mailto:carmen.midaglia@cienciassociales.edu.uy">carmen.midaglia@cienciassociales.edu.uy</a></p>



<p>Universidad de la Republica</p>
</div>



<div style="height:100px" aria-hidden="true" class="wp-block-spacer"></div>



<div class="wp-block-group is-content-justification-center is-layout-constrained wp-block-group-is-layout-constrained">
<p>Analía Minteguiaga</p>



<p><a href="mailto:analiaminte@hotmail.com">analiaminte@hotmail.com</a></p>



<p>Consejo de Investigaciones Científicas y Técnicas (CONICET)</p>



<p>Instituto de Investigaciones Gino Germani &#8211; Universidad de Buenos Aires</p>
</div>



<hr class="wp-block-separator has-alpha-channel-opacity is-style-dots" />



<p></p>

<p>gipp.alacip@gmail.com Coordinadoras y coordinadores Natália G. D. Sátyro nsatyro@gmail.com Universidade Federal de Minas Gerais Carmem Midaglia carmen.midaglia@cienciassociales.edu.uy Universidad de la Republica Analía Minteguiaga analiaminte@hotmail.com Consejo de Investigaciones Científicas y Técnicas (CONICET) Instituto de Investigaciones Gino Germani &#8211; Universidad de Buenos Aires</p>
