{"id":16,"date":"2022-02-19T20:41:21","date_gmt":"2022-02-19T20:41:21","guid":{"rendered":"https:\/\/gpsites.co\/scribe\/?page_id=16"},"modified":"2025-04-16T14:18:37","modified_gmt":"2025-04-16T14:18:37","slug":"sobre","status":"publish","type":"page","link":"https:\/\/grupos.alacip.org\/gieid\/sobre\/","title":{"rendered":"Sobre"},"content":{"rendered":"\n<p>El Grupo de Investigaci\u00f3n estado Instituciones y Desarrollo (Gieid-Alacip) intenta dar cuenta del debate en la Am\u00e9rica Latina sobre las relaciones Estado, mercado y sociedad desde el punto de vista conceptual y emp\u00edrico.<\/p>\n\n\n\n<p><strong>OBJETIVO<\/strong><br>Establecer un red de investigadores interesados en el debate sobre las relaciones Estado, mercado y sociedad en la Am\u00e9rica Latina.<\/p>\n\n\n\n<p><strong>TEMAS DE INTER\u00c9S<\/strong><\/p>\n\n\n\n<ul class=\"wp-block-list\">\n<li>Capacidades Estatales y Pol\u00edticas P\u00fablicas;<\/li>\n\n\n\n<li>Econom\u00eda y Pol\u00edtica: abordajes te\u00f3ricos y metodol\u00f3gicos;<\/li>\n\n\n\n<li>Empresa, Empresarios y Desarrollo;<\/li>\n\n\n\n<li>Estado del arte de la econom\u00eda pol\u00edtica comparada;<\/li>\n\n\n\n<li>Geopol\u00edtica y Desarrollo;<\/li>\n\n\n\n<li>Planificaci\u00f3n y Capacidades Estatales;<\/li>\n\n\n\n<li>Pol\u00edticas Sociales y Desarrollo;<\/li>\n\n\n\n<li>Variedades del Capitalismo: vigencia y debates de un paradigma.<\/li>\n<\/ul>\n\n\n\n<p><strong>ACTIVIDADES<\/strong><\/p>\n\n\n\n<ul class=\"wp-block-list\">\n<li>Simposios en los Congresos Latinoamericanos de Ciencia Pol\u00edtica (los Congresos de Alacip);<\/li>\n\n\n\n<li>Workshops;<\/li>\n\n\n\n<li>Colet\u00e1neas;<\/li>\n\n\n\n<li>Premio Antonio Barros de Castro para j\u00f3venes investigadores.<\/li>\n<\/ul>\n\n\n\n<p> <strong>QUIENES PUEDEN PARTICIPAR<br><\/strong>Docentes universitarios; investigadores j\u00f3venes y seniores; estudiantes de maestr\u00eda y doctorantes.<\/p>\n\n\n\n<p><strong>COORDINADORES<\/strong><\/p>\n\n\n\n<p>Lorena Granja Hernandez &#8211; Ministerio de Relaciones Exteriores &#8211; Uruguay<\/p>\n\n\n\n<p>Rafael Moura &#8211; Universidade do Estado do Rio de Janeiro (UERJ) &#8211; Brasil<\/p>\n\n\n\n<p><\/p>\n\n\n\n<p><strong>EX COORDINADORES<\/strong><\/p>\n\n\n\n<p>Renato Boschi &#8211; Instituto de Estudos Sociais e Pol\u00edticos &#8211; IESP-UERJ, Brasil<\/p>\n\n\n\n<p>Cristina Zurbringgen &#8211; Universidad de la Rep\u00fablica &#8211; UDELAR, Brasil<\/p>\n\n\n\n<p>Andrea Oliveira Ribeiro &#8211; Universidade Federal Fluminense, UFF &#8211; Brasil<\/p>\n\n\n\n<p>Flavio Gait\u00e1n &#8211; Universidade Federal da Integra\u00e7\u00e3o Latino-Americana, UNILA &#8211; Brasil<\/p>\n\n\n\n<p>Monica Sinisterra-Rodr\u00edguez- Universidad del Cauca &#8211; UNICAUCA &#8211; Colombia<\/p>\n\n\n\n<p>Roberta Rodrigues Marques da Silva &#8211; Universidade Federal do Estado do Rio de Janeiro &#8211; UNIRIO &#8211; Brasil<\/p>\n\n\n\n<p><\/p>\n\n\n\n<p><\/p>\n\n\n\n<figure class=\"wp-block-image size-large\"><img loading=\"lazy\" decoding=\"async\" width=\"1024\" height=\"768\" src=\"https:\/\/grupos.alacip.org\/gieid\/wp-content\/uploads\/sites\/14\/2023\/05\/MVIMG_20190802_114144578-min-1024x768.jpg\" alt=\"\" class=\"wp-image-1461\" srcset=\"https:\/\/grupos.alacip.org\/gieid\/wp-content\/uploads\/sites\/14\/2023\/05\/MVIMG_20190802_114144578-min-980x735.jpg 980w, https:\/\/grupos.alacip.org\/gieid\/wp-content\/uploads\/sites\/14\/2023\/05\/MVIMG_20190802_114144578-min-480x360.jpg 480w\" sizes=\"(min-width: 0px) and (max-width: 480px) 480px, (min-width: 481px) and (max-width: 980px) 980px, (min-width: 981px) 1024px, 100vw\" \/><\/figure>\n\n\n\n<p>Simp\u00f3sio do Gieid no X Congreso Latinoamericano de Ciencia Pol\u00edtica, Monterrey, julho 2019.<\/p>\n","protected":false},"excerpt":{"rendered":"<p>El Grupo de Investigaci\u00f3n estado Instituciones y Desarrollo (Gieid-Alacip) intenta dar cuenta del debate en la Am\u00e9rica Latina sobre las relaciones Estado, mercado y sociedad desde el punto de vista conceptual y emp\u00edrico. OBJETIVOEstablecer un red de investigadores interesados en el debate sobre las relaciones Estado, mercado y sociedad en la Am\u00e9rica Latina. TEMAS DE [&hellip;]<\/p>\n","protected":false},"author":1,"featured_media":0,"parent":0,"menu_order":0,"comment_status":"closed","ping_status":"closed","template":"","meta":{"_et_pb_use_builder":"","_et_pb_old_content":"","_et_gb_content_width":"","footnotes":""},"class_list":["post-16","page","type-page","status-publish","hentry"],"_links":{"self":[{"href":"https:\/\/grupos.alacip.org\/gieid\/wp-json\/wp\/v2\/pages\/16","targetHints":{"allow":["GET"]}}],"collection":[{"href":"https:\/\/grupos.alacip.org\/gieid\/wp-json\/wp\/v2\/pages"}],"about":[{"href":"https:\/\/grupos.alacip.org\/gieid\/wp-json\/wp\/v2\/types\/page"}],"author":[{"embeddable":true,"href":"https:\/\/grupos.alacip.org\/gieid\/wp-json\/wp\/v2\/users\/1"}],"replies":[{"embeddable":true,"href":"https:\/\/grupos.alacip.org\/gieid\/wp-json\/wp\/v2\/comments?post=16"}],"version-history":[{"count":11,"href":"https:\/\/grupos.alacip.org\/gieid\/wp-json\/wp\/v2\/pages\/16\/revisions"}],"predecessor-version":[{"id":1600,"href":"https:\/\/grupos.alacip.org\/gieid\/wp-json\/wp\/v2\/pages\/16\/revisions\/1600"}],"wp:attachment":[{"href":"https:\/\/grupos.alacip.org\/gieid\/wp-json\/wp\/v2\/media?parent=16"}],"curies":[{"name":"wp","href":"https:\/\/api.w.org\/{rel}","templated":true}]}}