{"id":1057,"date":"2022-11-03T19:54:16","date_gmt":"2022-11-03T19:54:16","guid":{"rendered":"https:\/\/grupos.alacip.org\/espacio\/?page_id=1057"},"modified":"2025-03-19T18:16:46","modified_gmt":"2025-03-19T18:16:46","slug":"agenda-investigacion","status":"publish","type":"page","link":"https:\/\/grupos.alacip.org\/elites\/agenda-investigacion\/","title":{"rendered":"Agenda de Investigaci\u00f3n"},"content":{"rendered":"<p>[et_pb_section fb_built=\u00bb1&#8243; _builder_version=\u00bb4.16&#8243; global_colors_info=\u00bb{}\u00bb][et_pb_row _builder_version=\u00bb4.16&#8243; background_size=\u00bbinitial\u00bb background_position=\u00bbtop_left\u00bb background_repeat=\u00bbrepeat\u00bb hover_enabled=\u00bb0&#8243; global_colors_info=\u00bb{}\u00bb sticky_enabled=\u00bb0&#8243;][et_pb_column type=\u00bb4_4&#8243; _builder_version=\u00bb4.16&#8243; custom_padding=\u00bb|||\u00bb global_colors_info=\u00bb{}\u00bb custom_padding__hover=\u00bb|||\u00bb][et_pb_text _builder_version=\u00bb4.16&#8243; background_size=\u00bbinitial\u00bb background_position=\u00bbtop_left\u00bb background_repeat=\u00bbrepeat\u00bb hover_enabled=\u00bb0&#8243; global_colors_info=\u00bb{}\u00bb sticky_enabled=\u00bb0&#8243; inline_fonts=\u00bbAcme\u00bb]<\/p>\n<p>&nbsp;<\/p>\n<p><!-- divi:paragraph --><\/p>\n<p>\u00a0<span style=\"font-size: xx-large\"><strong>Nos reunimos para hacer investigaci\u00f3n sobre \u00e9lites en Am\u00e9rica Latina. El grupo est\u00e1 abierto a investigadores vinculados al estudio de las elites desde una perspectiva amplia. As\u00ed, se abarca la investigaci\u00f3n de las elites latinoamericanas en diferentes \u00e1mbitos: elites parlamentarias, ejecutivas, religiosas, militares, econ\u00f3micas<br \/><\/strong><\/span><\/p>\n<p><!-- \/divi:paragraph --><!-- divi:paragraph --><\/p>\n<p><span style=\"font-size: xx-large\"><!-- \/divi:paragraph --><!-- divi:list --><\/span><\/p>\n<ul class=\"wp-block-list\"><!-- divi:list-item --><\/p>\n<li><span style=\"font-size: xx-large;font-family: Acme;font-weight: normal\">Nuestra agenda actual est\u00e1 centrada en las siguientes preguntas: \u00bfSon las \u00e9lites profesionales ben\u00e9ficas para la democracia? \u00bfEn qu\u00e9 sentido los outsiders benefician la democracia? \u00bfLas \u00e9lites emergentes perjudican la democracia o mejoran la representaci\u00f3n pol\u00edtica? \u00bfSon los l\u00edderes populistas da\u00f1inos a la democracia o una nueva \u00e9lite del poder?<\/span><\/li>\n<p><!-- \/divi:list-item --><\/ul>\n<p><!-- \/divi:list --><!-- divi:paragraph --><!-- \/divi:list --><!-- divi:paragraph --><!-- \/divi:paragraph --><!-- divi:paragraph --><!-- \/divi:paragraph --><!-- divi:list --><\/p>\n<ul class=\"wp-block-list\"><!-- divi:list-item --><\/ul>\n<p><!-- \/divi:paragraph --><!-- divi:paragraph --><\/p>\n<p>&nbsp;<\/p>\n<p><!-- \/divi:paragraph -->[\/et_pb_text][et_pb_image src=\u00bbhttps:\/\/grupos.alacip.org\/elites\/wp-content\/uploads\/sites\/15\/2025\/03\/0-5cc0a26c-35ee-4daf-9b6a-4fdef3800a65-512&#215;512.jpg\u00bb _builder_version=\u00bb4.27.3&#8243; _module_preset=\u00bbdefault\u00bb title_text=\u00bb0-5cc0a26c-35ee-4daf-9b6a-4fdef3800a65-512&#215;512&#8243; hover_enabled=\u00bb0&#8243; sticky_enabled=\u00bb0&#8243;][\/et_pb_image][\/et_pb_column][\/et_pb_row][\/et_pb_section]<\/p>\n","protected":false},"excerpt":{"rendered":"<p>Descubre las iniciativas m\u00e1s recientes del grupo Alacip en el estudio de las \u00e9lites en Am\u00e9rica Latina. Participa en nuestros seminarios y congresos que abordan temas actuales y relevantes en el \u00e1mbito pol\u00edtico y social. Con\u00e9ctate con investigadores de diversas disciplinas y contribuye al avance del conocimiento en este campo. Mantente informado sobre nuestras pr\u00f3ximas actividades y publicaciones que enriquecer\u00e1n el debate acad\u00e9mico.<\/p>\n","protected":false},"author":1,"featured_media":1540,"parent":0,"menu_order":0,"comment_status":"closed","ping_status":"closed","template":"","meta":{"_et_pb_use_builder":"on","_et_pb_old_content":"<!-- wp:paragraph -->\n<p><strong>COORDINADORES<\/strong><\/p>\n<!-- \/wp:paragraph -->\n\n<!-- wp:paragraph -->\n<p><a href=\"https:\/\/www.nosinmujeres.com\/politologas\/1799\/monica-montano-reyes\/\" target=\"_blank\" rel=\"noreferrer noopener\">M\u00f3nica Monta\u00f1o<\/a>, Universidad de Guadalajara, M\u00e9xico |&nbsp; <a href=\"mailto:monica.montano@academicos.udg.mx\" target=\"_blank\" rel=\"noreferrer noopener\">monica.montano@academicos.udg.mx<\/a><\/p>\n<!-- \/wp:paragraph -->\n\n<!-- wp:paragraph -->\n<p><a href=\"https:\/\/cienciassociales.edu.uy\/departamentos\/departamento-de-sociologia\/equipo-docente\/miguel-serna-2\/\" target=\"_blank\" rel=\"noreferrer noopener\">Miguel Serna<\/a>, Universidad de la Rep\u00fablica, Uruguay | <a href=\"mailto:miguel.serna@cienciassociales.edu.uy\" target=\"_blank\" rel=\"noreferrer noopener\">miguel.serna@cienciassociales.edu.uy<\/a><\/p>\n<!-- \/wp:paragraph -->\n\n<!-- wp:paragraph -->\n<p><a href=\"https:\/\/cienciapolitica.ufpr.br\/decp\/paulo-roberto-neves-costa\/\" target=\"_blank\" rel=\"noreferrer noopener\">Paulo Neves<\/a>, Universidade Federal do Paran\u00e1, Brazil | <a href=\"mailto:paulocosta@gmail.com\" target=\"_blank\" rel=\"noreferrer noopener\">paulocostaufpr@gmail.com<\/a><\/p>\n<!-- \/wp:paragraph -->\n\n<!-- wp:paragraph -->\n<p><strong>WEBSITE: <a href=\"https:\/\/oir.org.es\/pela\/\" target=\"_blank\" rel=\"noreferrer noopener\">https:\/\/oir.org.es\/pela\/<\/a><\/strong><\/p>\n<!-- \/wp:paragraph -->\n\n<!-- wp:paragraph -->\n<p><strong>OBJETIVOS<\/strong><\/p>\n<!-- \/wp:paragraph -->\n\n<!-- wp:list -->\n<ul class=\"wp-block-list\"><!-- wp:list-item -->\n<li>Conformaci\u00f3n de un grupo multidisciplinar que se aproxime al estudio de las \u00e9lites desde diferentes enfoques y perspectivas.<\/li>\n<!-- \/wp:list-item -->\n\n<!-- wp:list-item -->\n<li>Creaci\u00f3n de una red que permita la organizaci\u00f3n de encuentros peri\u00f3dicos (seminarios, congresos\u2026).<\/li>\n<!-- \/wp:list-item -->\n\n<!-- wp:list-item -->\n<li>Producci\u00f3n acad\u00e9mica en el estudio de las \u00e9lites.<\/li>\n<!-- \/wp:list-item --><\/ul>\n<!-- \/wp:list -->\n\n<!-- wp:paragraph -->\n<p>El grupo est\u00e1 integrado por una red de investigadores que han colaborado activamente en los \u00faltimos a\u00f1os.<\/p>\n<!-- \/wp:paragraph -->\n\n<!-- wp:paragraph -->\n<p>Se destacan los siguientes encuentros:<\/p>\n<!-- \/wp:paragraph -->\n\n<!-- wp:list -->\n<ul class=\"wp-block-list\"><!-- wp:list-item -->\n<li>Seminario \u201cCalidad y profesionalizaci\u00f3n de los pol\u00edticos en Am\u00e9rica Latina\u201d, celebrado los d\u00edas 26 y 27 de septiembre de 2011.<\/li>\n<!-- \/wp:list-item -->\n\n<!-- wp:list-item -->\n<li>Seminario \u201cEl estudio de las \u00e9lite pol\u00edticas\u201d, celebrado en el Instituto de Iberoam\u00e9rica de la Universidad de Salamanca, los d\u00eda 8 y 9 de junio de 2015.<\/li>\n<!-- \/wp:list-item -->\n\n<!-- wp:list-item -->\n<li>Congreso \u201c\u00c9lites y liderazgo en tiempos de cambio\u201d, celebrado en la Universidad de Salamanca los d\u00eda 10 y 11 de junio de 2015.<\/li>\n<!-- \/wp:list-item -->\n\n<!-- wp:list-item -->\n<li>Mesas de trabajo en el Congreso ALACIP 2017 en Montevideo<\/li>\n<!-- \/wp:list-item -->\n\n<!-- wp:list-item -->\n<li>Mesas de trabajo en IPSA en la Mesa \"Elites en Am\u00e9rica Latina\" virtual Lisboa 2021<\/li>\n<!-- \/wp:list-item -->\n\n<!-- wp:list-item -->\n<li>Seminarios en l\u00ednea para ALACIP 2022 virtual Chile 2022<\/li>\n<!-- \/wp:list-item -->\n\n<!-- wp:list-item -->\n<li>II Coloquio de \u00c9lites en el Colegio de Jalisco 2023<\/li>\n<!-- \/wp:list-item --><\/ul>\n<!-- \/wp:list -->\n\n<!-- wp:paragraph -->\n<p>Asimismo, una parte de sus miembros est\u00e1 integrado en el <a href=\"http:\/\/americo.usal.es\/oir\/elites\/\" target=\"_blank\" rel=\"noreferrer noopener\">Proyecto de \u00c9lites Parlamentarias en Am\u00e9rica Latina de la Universidad de Salamanca (PELA)<\/a>.<\/p>\n<!-- \/wp:paragraph -->\n\n<!-- wp:paragraph -->\n<p><em>Futuras actividades:<\/em><\/p>\n<!-- \/wp:paragraph -->\n\n<!-- wp:list -->\n<ul class=\"wp-block-list\"><!-- wp:list-item -->\n<li>Organizaci\u00f3n para aplicaci\u00f3n de encuestas a \u00e9lites a nivel local 2023 (ver convocatoria)<\/li>\n<!-- \/wp:list-item -->\n\n<!-- wp:list-item -->\n<li>Publicaci\u00f3n del libro \"Elites y pol\u00edticos en Am\u00e9rica Latina\" ITESO-Tirant Lo Blanch 2023 (en proceso editorial)<\/li>\n<!-- \/wp:list-item -->\n\n<!-- wp:list-item -->\n<li>Organizaci\u00f3n de paneles para ALACIP 2024 Lisboa<\/li>\n<!-- \/wp:list-item --><\/ul>\n<!-- \/wp:list -->\n\n<!-- wp:paragraph -->\n<p><strong>QUIENES PUEDEN PARTICIPAR<\/strong><\/p>\n<!-- \/wp:paragraph -->\n\n<!-- wp:paragraph -->\n<p>El grupo est\u00e1 abierto a investigadores vinculados al estudio de las elites desde una perspectiva amplia. As\u00ed, se abarca la investigaci\u00f3n de las elites latinoamericanas en diferentes \u00e1mbitos: elites parlamentarias, ejecutivas, religiosas, militares, econ\u00f3micas<\/p>\n<!-- \/wp:paragraph -->","_et_gb_content_width":"","footnotes":""},"class_list":["post-1057","page","type-page","status-publish","has-post-thumbnail","hentry"],"_links":{"self":[{"href":"https:\/\/grupos.alacip.org\/elites\/wp-json\/wp\/v2\/pages\/1057","targetHints":{"allow":["GET"]}}],"collection":[{"href":"https:\/\/grupos.alacip.org\/elites\/wp-json\/wp\/v2\/pages"}],"about":[{"href":"https:\/\/grupos.alacip.org\/elites\/wp-json\/wp\/v2\/types\/page"}],"author":[{"embeddable":true,"href":"https:\/\/grupos.alacip.org\/elites\/wp-json\/wp\/v2\/users\/1"}],"replies":[{"embeddable":true,"href":"https:\/\/grupos.alacip.org\/elites\/wp-json\/wp\/v2\/comments?post=1057"}],"version-history":[{"count":8,"href":"https:\/\/grupos.alacip.org\/elites\/wp-json\/wp\/v2\/pages\/1057\/revisions"}],"predecessor-version":[{"id":1553,"href":"https:\/\/grupos.alacip.org\/elites\/wp-json\/wp\/v2\/pages\/1057\/revisions\/1553"}],"wp:featuredmedia":[{"embeddable":true,"href":"https:\/\/grupos.alacip.org\/elites\/wp-json\/wp\/v2\/media\/1540"}],"wp:attachment":[{"href":"https:\/\/grupos.alacip.org\/elites\/wp-json\/wp\/v2\/media?parent=1057"}],"curies":[{"name":"wp","href":"https:\/\/api.w.org\/{rel}","templated":true}]}}