{"id":16,"date":"2022-02-19T20:41:21","date_gmt":"2022-02-19T20:41:21","guid":{"rendered":"https:\/\/gpsites.co\/scribe\/?page_id=16"},"modified":"2023-05-11T14:37:50","modified_gmt":"2023-05-11T14:37:50","slug":"sobre","status":"publish","type":"page","link":"https:\/\/grupos.alacip.org\/dalc\/sobre\/","title":{"rendered":"Sobre"},"content":{"rendered":"\n<p>Estos son nuestros marcos de trabajo.<\/p>\n\n\n\n<p><strong>OBJETIVO<\/strong><\/p>\n\n\n\n<p>Considerando que la comparaci\u00f3n es fundamental al an\u00e1lisis pol\u00edtico, el grupo de estudios e investigaciones sobre Democratizaci\u00f3n de Am\u00e9rica Latina en Perspectiva Comparada (DALC) se propone vincular e impulsar los esfuerzos diversos de investigar el estado de nuestras democracias, que se realizan en y sobre la regi\u00f3n. Las l\u00edneas de investigaci\u00f3n incluyen las transiciones de r\u00e9gimen pol\u00edtico, la evaluaci\u00f3n y medici\u00f3n de la calidad de la democracia, el estado del r\u00e9gimen a nivel subnacional, los ejercicios de democracia directa y participativa, la cobertura de los reg\u00edmenes en relaci\u00f3n a equidad pol\u00edtica y libertades y las caracter\u00edsticas institucionales y sus vinculaciones con los resultados de las pol\u00edticas gubernamentales. La perspectiva comparada abarca estrategias que conllevan la contrastaci\u00f3n de experiencias en diferentes regiones del mundo, en Am\u00e9rica Latina y en el interior de cada pa\u00eds de la regi\u00f3n.<\/p>\n\n\n\n<p><strong>Objetivos espec\u00edficos<\/strong>:<\/p>\n\n\n\n<p>\u00b7 Promover la investigaci\u00f3n comparativa sobre los procesos de democratizaci\u00f3n.<\/p>\n\n\n\n<p>\u00b7 Identificar tem\u00e1ticas y desaf\u00edos emergentes vinculados a la democracia en la regi\u00f3n.<\/p>\n\n\n\n<p>\u00b7 Incentivar la investigaci\u00f3n transnacional en el marco de ALACIP.<\/p>\n\n\n\n<p>\u00b7 Facilitar la recolecci\u00f3n coordinada de informaci\u00f3n y la construcci\u00f3n de bases de datos.<\/p>\n\n\n\n<p>\u00b7 Apoyar la formaci\u00f3n metodol\u00f3gica de nuevos investigadores e investigadoras en este campo.<\/p>\n\n\n\n<p>\u00b7 Facilitar la comunicaci\u00f3n y el intercambio de ideas y avances de investigaci\u00f3n entre estudiosos de y sobre la pol\u00edtica democr\u00e1tica en Am\u00e9rica Latina.<\/p>\n\n\n\n<p><strong>TEMAS DE INTER\u00c9S<\/strong><\/p>\n\n\n\n<p>1) Elecciones e instituciones de la democracia representativa;<\/p>\n\n\n\n<p>2) Calidad de la democracia a nivel nacional y subnacional;<\/p>\n\n\n\n<p>3) Responsabilidad pol\u00edtica y rendici\u00f3n de cuentas;<\/p>\n\n\n\n<p>4) Legitimidad democr\u00e1tica y las desigualdades;<\/p>\n\n\n\n<p>5) Experiencias de democracia directa y participativa;<\/p>\n\n\n\n<p>6) El clientelismo pol\u00edtico y la construcci\u00f3n de la ciudadan\u00eda;<\/p>\n\n\n\n<p>7) Din\u00e1micas de inclusi\u00f3n democr\u00e1tica;<\/p>\n\n\n\n<p>8) Nuevas y viejas coaliciones pol\u00edticas;<\/p>\n\n\n\n<p>9) La erosi\u00f3n democr\u00e1tica y el autoritarismo \u201celectoral\u201d o \u201ccompetitivo\u201d;<\/p>\n\n\n\n<p>10) Crisis pol\u00edticas e inestabilidad de los gobiernos electos;<\/p>\n\n\n\n<p>11) Las transiciones a la democracia en el pasado y el presente;<\/p>\n\n\n\n<p>12) Las experiencias autoritarias, sus or\u00edgenes y consecuencias;<\/p>\n\n\n\n<p>13) Dimensiones geopol\u00edticas de la democracia en Am\u00e9rica Latina;<\/p>\n\n\n\n<p>14) La integraci\u00f3n regional y sus mecanismos de \u201cprotecci\u00f3n\u201d a la democracia;<\/p>\n\n\n\n<p>15) Metodolog\u00edas cualitativas y cuantitativas para estudiar las democracias;<\/p>\n\n\n\n<p><strong>ACTIVIDADES<\/strong><\/p>\n\n\n\n<p>Aspiramos a formar una red de investigadores e investigadoras, que concilie diversos enfoques y estrategias de investigaci\u00f3n, en un foro que fomente la visi\u00f3n plural en y sobre la regi\u00f3n.<\/p>\n\n\n\n<p><strong>QUIENES PUEDEN PARTICIPAR<\/strong><\/p>\n\n\n\n<p>El grupo est\u00e1 abierto a la participaci\u00f3n de docentes, investigadoras\/es y estudiantes de cualquier instituci\u00f3n acad\u00e9mica que sean asociadas\/os a ALACIP y trabajen sobre temas relativos a las \u00e1reas de inter\u00e9s. La petici\u00f3n de ingreso deber\u00e1 ser enviada por correo electr\u00f3nico a las\/os coordinadoras\/es del grupo.<\/p>\n\n\n\n<p><strong>ORGANIZACI\u00d3N<\/strong><\/p>\n\n\n\n<p>Las\/os coordinadoras\/es se renuevan a cada congreso de ALACIP por elecci\u00f3n de las\/os participantes presentes en la reuni\u00f3n ordinaria.<\/p>\n\n\n\n<div style=\"height:100px\" aria-hidden=\"true\" class=\"wp-block-spacer\"><\/div>\n","protected":false},"excerpt":{"rendered":"<p>Estos son nuestros marcos de trabajo. OBJETIVO Considerando que la comparaci\u00f3n es fundamental al an\u00e1lisis pol\u00edtico, el grupo de estudios e investigaciones sobre Democratizaci\u00f3n de Am\u00e9rica Latina en Perspectiva Comparada (DALC) se propone vincular e impulsar los esfuerzos diversos de investigar el estado de nuestras democracias, que se realizan en y sobre la regi\u00f3n. Las [&hellip;]<\/p>\n","protected":false},"author":1,"featured_media":0,"parent":0,"menu_order":0,"comment_status":"closed","ping_status":"closed","template":"","meta":{"_et_pb_use_builder":"","_et_pb_old_content":"","_et_gb_content_width":"","footnotes":""},"class_list":["post-16","page","type-page","status-publish","hentry"],"_links":{"self":[{"href":"https:\/\/grupos.alacip.org\/dalc\/wp-json\/wp\/v2\/pages\/16","targetHints":{"allow":["GET"]}}],"collection":[{"href":"https:\/\/grupos.alacip.org\/dalc\/wp-json\/wp\/v2\/pages"}],"about":[{"href":"https:\/\/grupos.alacip.org\/dalc\/wp-json\/wp\/v2\/types\/page"}],"author":[{"embeddable":true,"href":"https:\/\/grupos.alacip.org\/dalc\/wp-json\/wp\/v2\/users\/1"}],"replies":[{"embeddable":true,"href":"https:\/\/grupos.alacip.org\/dalc\/wp-json\/wp\/v2\/comments?post=16"}],"version-history":[{"count":7,"href":"https:\/\/grupos.alacip.org\/dalc\/wp-json\/wp\/v2\/pages\/16\/revisions"}],"predecessor-version":[{"id":1433,"href":"https:\/\/grupos.alacip.org\/dalc\/wp-json\/wp\/v2\/pages\/16\/revisions\/1433"}],"wp:attachment":[{"href":"https:\/\/grupos.alacip.org\/dalc\/wp-json\/wp\/v2\/media?parent=16"}],"curies":[{"name":"wp","href":"https:\/\/api.w.org\/{rel}","templated":true}]}}